it of 89166?
1
What is the tens digit of 4756?
5
What is the tens digit of 25898?
9
What is the units digit of 48412?
2
What is the units digit of 310?
0
What is the hundreds digit of 829?
8
What is the units digit of 55093?
3
What is the thousands digit of 17103?
7
What is the tens digit of 95?
9
What is the hundreds digit of 353?
3
What is the hundreds digit of 740?
7
What is the thousands digit of 43816?
3
What is the tens digit of 109?
0
What is the thousands digit of 2071?
2
What is the tens digit of 2173?
7
What is the tens digit of 740?
4
What is the hundreds digit of 3169?
1
What is the hundreds digit of 949?
9
What is the units digit of 3835?
5
What is the tens digit of 5115?
1
What is the units digit of 210?
0
What is the tens digit of 996?
9
What is the thousands digit of 3669?
3
What is the tens digit of 1487?
8
What is the tens digit of 28132?
3
What is the hundreds digit of 4414?
4
What is the units digit of 2108?
8
What is the tens digit of 1426?
2
What is the ten thousands digit of 17208?
1
What is the tens digit of 7521?
2
What is the tens digit of 76?
7
What is the tens digit of 4209?
0
What is the thousands digit of 1537?
1
What is the thousands digit of 2707?
2
What is the thousands digit of 8575?
8
What is the tens digit of 4934?
3
What is the ten thousands digit of 34132?
3
What is the thousands digit of 1006?
1
What is the tens digit of 272?
7
What is the units digit of 2553?
3
What is the tens digit of 66787?
8
What is the units digit of 3165?
5
What is the tens digit of 6632?
3
What is the units digit of 535?
5
What is the units digit of 1083?
3
What is the hundreds digit of 44672?
6
What is the tens digit of 8879?
7
What is the tens digit of 138209?
0
What is the units digit of 447?
7
What is the ten thousands digit of 10671?
1
What is the tens digit of 28313?
1
What is the thousands digit of 29074?
9
What is the thousands digit of 53097?
3
What is the units digit of 824?
4
What is the hundreds digit of 646?
6
What is the thousands digit of 15238?
5
What is the units digit of 4922?
2
What is the tens digit of 91509?
0
What is the ten thousands digit of 10842?
1
What is the units digit of 22140?
0
What is the hundreds digit of 34363?
3
What is the thousands digit of 1565?
1
What is the units digit of 383?
3
What is the thousands digit of 38917?
8
What is the hundreds digit of 19686?
6
What is the units digit of 3465?
5
What is the tens digit of 26562?
6
What is the tens digit of 33?
3
What is the hundreds digit of 294?
2
What is the units digit of 3825?
5
What is the units digit of 20171?
1
What is the tens digit of 56879?
7
What is the tens digit of 18568?
6
What is the hundreds digit of 376?
3
What is the units digit of 6456?
6
What is the hundreds digit of 545?
5
What is the units digit of 15134?
4
What is the hundreds digit of 139394?
3
What is the tens digit of 2581?
8
What is the tens digit of 4701?
0
What is the hundreds digit of 155556?
5
What is the tens digit of 47101?
0
What is the tens digit of 3322?
2
What is the hundreds digit of 418?
4
What is the units digit of 848?
8
What is the ten thousands digit of 41480?
4
What is the tens digit of 325?
2
What is the thousands digit of 17637?
7
What is the tens digit of 529?
2
What is the tens digit of 1463?
6
What is the tens digit of 1899?
9
What is the hundreds digit of 7581?
5
What is the hundreds digit of 12250?
2
What is the hundreds digit of 22532?
5
What is the hundreds digit of 4570?
5
What is the units digit of 13254?
4
What is the thousands digit of 12506?
2
What is the tens digit of 31333?
3
What is the hundreds digit of 44138?
1
What is the units digit of 968?
8
What is the units digit of 43203?
3
What is the hundreds digit of 3812?
8
What is the hundreds digit of 1975?
9
What is the hundreds digit of 589?
5
What is the hundreds digit of 6467?
4
What is the hundreds digit of 1228?
2
What is the units digit of 781?
1
What is the tens digit of 10869?
6
What is the units digit of 60379?
9
What is the thousands digit of 8624?
8
What is the units digit of 789?
9
What is the thousands digit of 63334?
3
What is the tens digit of 635?
3
What is the hundreds digit of 22254?
2
What is the units digit of 4527?
7
What is the ten thousands digit of 63905?
6
What is the tens digit of 1189?
8
What is the units digit of 20969?
9
What is the hundreds digit of 589?
5
What is the ten thousands digit of 31362?
3
What is the hundreds digit of 1446?
4
What is the units digit of 12573?
3
What is the hundreds digit of 2100?
1
What is the thousands digit of 4039?
4
What is the tens digit of 623?
2
What is the thousands digit of 35805?
5
What is the tens digit of 505?
0
What is the units digit of 1790?
0
What is the hundreds digit of 22156?
1
What is the hundreds digit of 4536?
5
What is the thousands digit of 1193?
1
What is the tens digit of 39930?
3
What is the hundreds digit of 15186?
1
What is the hundreds digit of 336?
3
What is the tens digit of 706?
0
What is the hundreds digit of 199?
1
What is the tens digit of 1277?
7
What is the tens digit of 62351?
5
What is the tens digit of 7109?
0
What is the hundreds digit of 1999?
9
What is the thousands digit of 10076?
0
What is the units digit of 828?
8
What is the hundreds digit of 19206?
2
What is the units digit of 521?
1
What is the tens digit of 4756?
5
What is the tens digit of 1204?
0
What is the units digit of 134520?
0
What is the hundreds digit of 25085?
0
What is the thousands digit of 28173?
8
What is the thousands digit of 1705?
1
What is the units digit of 3701?
1
What is the thousands digit of 3532?
3
What is the hundred thousands digit of 112320?
1
What is the tens digit of 320?
2
What is the thousands digit of 1017?
1
What is the tens digit of 65362?
6
What is the thousands digit of 42853?
2
What is the ten thousands digit of 30248?
3
What is the units digit of 1015?
5
What is the units digit of 325?
5
What is the thousands digit of 3186?
3
What is the tens digit of 15262?
6
What is the thousands digit of 3069?
3
What is the ten thousands digit of 27704?
2
What is the units digit of 126227?
7
What is the units digit of 766?
6
What is the thousands digit of 7594?
7
What is the tens digit of 1490?
9
What is the thousands digit of 10432?
0
What is the tens digit of 398?
9
What is the tens digit of 2415?
1
What is the units digit of 16951?
1
What is the units digit of 512?
2
What is the tens digit of 45430?
3
What is the thousands digit of 6876?
6
What is the tens digit of 754?
5
What is the tens digit of 23179?
7
What is the hundreds digit of 4926?
9
What is the thousands digit of 1048?
1
What is the tens digit of 59989?
8
What is the units digit of 4399?
9
What is the ten thousands digit of 34421?
3
What is the hundreds digit of 6213?
2
What is the units digit of 28?
8
What is the hundreds digit of 102549?
5
What is the units digit of 497?
7
What is the units digit of 7807?
7
What is the units digit of 59258?
8
What is the units digit of 120071?
1
What is the ten thousands digit of 160751?
6
What is the tens digit of 586?
8
What is the units digit of 81067?
7
What is the units digit of 65169?
9
What is the units digit of 1735?
5
What is the units digit of 149?
9
What is the tens digit of 1222?
2
What is the hundreds digit of 1845?
8
What is the thousands digit of 5255?
5
What is the thousands digit of 12915?
2
What is the tens digit of 2252?
5
What is the ten thousands digit of 16597?
1
What is the hundreds digit of 1690?
6
What is the ten thousands digit of 12392?
1
What is the ten thousands digit of 20278?
2
What is the units digit of 3332?
2
What is the tens digit of 4236?
3
What is the units digit of 419?
9
What is the tens digit of 1472?
7
What is the units digit of 452?
2
What is the thousands digit of 2887?
2
What is the thousands digit of 3121?
3
What is the hundreds digit of 6836?
8
What is the thousands digit of 12801?
2
What is the units digit of 3641?
1
What is the hundreds digit of 22222?
2
What is the ten thousands digit of 146898?
4
What is the hundreds digit of 922?
9
What is the units digit of 41252?
2
What is the units digit of 661?
1
What is the units digit of 402?
2
What is the thousands digit of 18019?
8
What is the thousands digit of 9795?
9
What is the hundreds digit of 1844?
8
What